011000001100?
1111001011000010101
In base 10, what is -9869 - -581?
-9288
In base 5, what is 20420422123 - 13?
20420422110
In base 14, what is -6bca70 + -2a?
-6bca9a
In base 11, what is -25a196 + -40?
-25a226
In base 14, what is -24670 - c57?
-254c7
In base 9, what is -5 + -305332722?
-305332727
In base 15, what is 7b5e + -1a9?
79a5
In base 9, what is 17 - 72153601?
-72153573
In base 3, what is -1110 - 221221201?
-222000011
In base 14, what is 98 - -2ad7?
2b91
In base 5, what is -110234043 + 34444?
-110144044
In base 7, what is 1504153 + -5?
1504145
In base 14, what is -6 - -d2860b?
d28605
In base 14, what is -cc136 + 1?
-cc135
In base 4, what is 22223021032 + 133?
22223021231
In base 14, what is 8 - -1662a4?
1662ac
In base 14, what is d10050 - 5?
d10049
In base 6, what is -322055 - -253?
-321402
In base 4, what is -3203 + 22120312?
22111103
In base 8, what is 5352 + 4573?
12145
In base 16, what is 1a6 - 48dcc?
-48c26
In base 2, what is -11001101011 + 11001001000000000?
11000101110010101
In base 6, what is 13 - -310514534?
310514551
In base 12, what is -2 - -457ba63?
457ba61
In base 16, what is -32de506 + 5?
-32de501
In base 10, what is -3958646 + 4?
-3958642
In base 6, what is -420402443 - 1?
-420402444
In base 13, what is 1ab9c + 3c1?
1b290
In base 12, what is -6079a5 + 204?
-6077a1
In base 13, what is 33ca + -1c6?
3204
In base 10, what is 4 - 6553249?
-6553245
In base 15, what is 5 - -63a6a0c?
63a6a12
In base 14, what is 16 - 134aa50?
-134aa38
In base 7, what is -1356414506 - -4?
-1356414502
In base 9, what is 11743413 + 4?
11743417
In base 4, what is -12323131 - 21302?
-13011033
In base 6, what is 24154 - -1410?
30004
In base 6, what is -442131 - -1125?
-441002
In base 3, what is -11022001112112211 - -2?
-11022001112112202
In base 9, what is 4 + -16710473?
-16710468
In base 9, what is 12285 + 16124?
28420
In base 2, what is 1100000011011110110 + -10?
1100000011011110100
In base 8, what is 2574617 - -15?
2574634
In base 5, what is 10 - -34404103311?
34404103321
In base 3, what is 1012121202022 + -2112?
1012121122210
In base 3, what is -2120102002 + -102210?
-2120211212
In base 16, what is -3 - -114653f?
114653c
In base 13, what is -2a4568 + 36?
-2a4532
In base 2, what is 0 - 101000100010110100011?
-101000100010110100011
In base 6, what is -212133452 + -314?
-212134210
In base 12, what is -203 - -b9567?
b9364
In base 12, what is 72b33 + -424?
7270b
In base 8, what is 37646 - 111?
37535
In base 12, what is -17 + 7a93a6?
7a938b
In base 4, what is -1312120031331 - 11?
-1312120032002
In base 2, what is -110101111 + -110111001110000?
-111000000011111
In base 15, what is -3294 + -1cdaa?
-2114e
In base 13, what is -92971c - 1b?
-92973a
In base 3, what is 211011121 + 122022002?
1110110200
In base 13, what is 1023534 + -51?
10234b3
In base 11, what is -524495 + 37a?
-524116
In base 6, what is 311 - -11111032?
11111343
In base 7, what is -625 + 1551400?
1550442
In base 10, what is 1083176 + -143?
1083033
In base 11, what is -389530 + -14?
-389544
In base 14, what is 2bb02 + -166?
2b97a
In base 7, what is 10 + 106544155?
106544165
In base 6, what is 5 - -44110325154?
44110325203
In base 7, what is 124 - 44064432?
-44064305
In base 11, what is -257a6 + 904?
-249a2
In base 16, what is 3 + 16333e8?
16333eb
In base 6, what is -2412 + 52100?
45244
In base 15, what is -2 + -4a0c78?
-4a0c7a
In base 10, what is 8 + -7577179?
-7577171
In base 12, what is 3056655 + -4a?
3056607
In base 8, what is 2 - 322017256?
-322017254
In base 9, what is -271 + 472753?
472472
In base 13, what is 7 - -4b03115?
4b0311c
In base 9, what is 2015 + -4526?
-2511
In base 3, what is 1102100001001121 - 22?
1102100001001022
In base 4, what is 11133133213 - 133?
11133133020
In base 3, what is 1110122 - 1122112222?
-1121002100
In base 15, what is e838a49 + -3?
e838a46
In base 5, what is 200131121 - -331?
200132002
In base 6, what is -434001 - -44311?
-345250
In base 11, what is 1783 - -4445a?
46132
In base 11, what is -1 + -4a09745?
-4a09746
In base 7, what is 15543 + 2224?
21100
In base 5, what is -3214141211 + 3?
-3214141203
In base 5, what is 220302311 - -14144?
220322010
In base 10, what is 7680 + 22?
7702
In base 11, what is 139 + -164247?
-164109
In base 10, what is -2991 - -180148?
177157
In base 10, what is 14959582 - 4?
14959578
In base 2, what is 1010001110111000110101101 + -1?
1010001110111000110101100
In base 6, what is 1 - -12522022?
12522023
In base 12, what is -8999 - 779?
-9556
In base 3, what is 2222212 - -10022210?
20022122
In base 3, what is -1 - 12002001012221?
-12002001012222
In base 11, what is 2952 + 2402?
5254
In base 13, what is 76 + -50b4?
-503b
In base 12, what is -27a008 - -6b?
-279b59
In base 7, what is 1024 - 6113056?
-6112032
In base 3, what is 2002201011100 - 101?
2002201010222
In base 8, what is -1501354 + -303?
-1501657
In base 15, what is -4ddb + 3c?
-4d9e
In base 11, what is 7944 + a387?
17220
In base 5, what is 2 - -34314021?
34314023
In base 16, what is 5 - 1031c8?
-1031c3
In base 14, what is bdb - 7a5?
436
In base 8, what is -104364 - 106?
-104472
In base 6, what is 3354345212 + 3?
3354345215
In base 2, what is -10001011 - 100001011011111001?
-100001011110000100
In base 2, what is 10101000001110 - 1101110010?
10011010011100
In base 13, what is -3 - -14016605?
14016602
In base 11, what is -a8 - -34968?
34870
In base 9, what is -51421 + -1556?
-53077
In base 2, what is -100110010011101000000110111 + -11?
-100110010011101000000111010
In base 11, what is -2a741 - -24?
-2a718
In base 13, what is -9 + 2724374?
2724368
In base 15, what is 2ad40a0 - 4?
2ad409b
In base 8, what is -7076355 + 2?
-7076353
In base 6, what is -5 + -34434455?
-34434504
In base 5, what is -120104 + 13101112?
12431003
In base 10, what is 1 + -5253897?
-5253896
In base 2, what is 1110 - -111100101110011110010001?
111100101110011110011111
In base 11, what is 5800861 - 5?
5800857
In base 6, what is -25234420340 - -2?
-25234420334
In base 16, what is 734 - ea1?
-76d
In base 8, what is 5615 - 172664?
-165047
In base 9, what is 16 - -3586440?
3586456
In base 7, what is 160 + 634313?
634503
In base 9, what is 240 + 163325?
163565
In base 9, what is 1241 - 500537?
-488286
In base 9, what is -4 + 1320022?
1320017
In base 8, what is -4 + -14315763?
-14315767
In base 13, what is 6168b1 - 26?
616888
In base 11, what is 174 + 8250?
8414
In base 8, what is 2 + 250126477?
250126501
In base 3, what is 2101201021 + -2021?
2101122000
In base 13, what is -5229 + 68?
-5191
In base 16, what is 4a - 86409?
-863bf
In base 4, what is 100020223 - -222?
100021111
In base 8, what is -11424371 + -36?
-11424427
In base 14, what is 10009 + 96?
100a1
In base 7, what is -442456 - 515?
-443304
In base 9, what is -10716 + -106157?
-116874
In base 11, what is -7a8 - -27741?
26a44
In base 14, what is 1a + -2d83a?
-2d820
In base 7, what is 60242 - -1320?
61562
In base 11, what is -3 + -2660423?
-2660426
In base 13, what is 276b49 + 34?
276b80
In base 11, what is 4 - 407016?
-407012
In base 7, what is -12044264510 + 4?
-12044264503
In base 2, what is -100111 - -11010010010?
11001101011
In base 11, what is 5 - 4a890764?
-4a89075a
In base 12, what is 3 + -969744?
-969741
In base 10, what is 1465 - 593999?
-592534
In base 15, what is b29 + 86e?
1498
In base 9, what is 2877570 + 55?
2877635
In base 8, what is -133 - 2274516?
-2274651
In base 3, what is 10202210002020 + 22?
10202210002112
In base 10, what is 523 - -2950?
3473
In base 4, what is -2002122320301 + 10?
-2002122320231
In base 11, what is 3 - 25339a8?
-25339a5
In base 12, what is -5172736 + -7?
-5172741
In base 11, what is -806 + -10a8?
-1903
In base 14, what is 0 + -1a10b?
-1a10b
In base 8, what is -55 - -175414?
175337
In base 8, what is 14732507 - 6?
14732501
In base 13, what is 12 - 140354?
-140342
In base 11, what is -2481 - 1055?
-3526
In base 8, what is 3215160 - 0?
3215160
In base 6, what is -1321005 + 1411?
-1315154
In base 8, what is 111217050 + -10?
111217040
In base 13, what is -15a - -3882c?
386a2
In base 11, what is 4114244 - -9?
4114252
In base 10, what is 25 - -335353?
335378
In base 3, what is -121 - 1200001201?
-1200002022
In base 14, what is 10 + -43b6a5?
-43b695
In base 16, what is -48a + 2a05c?
29bd2
In base 12, what is -2b46231 - -5?
-2b4